Let r(l) = -4*l. Let o(v) = 3*f(v) + 4*r(v). Let a be o(0). Suppose 2 = -a*y + 5. What is the units digit of y?
1
Let l(i) be the second derivative of i**3/3 - i**2/2 + 2*i. Let c be l(4). Let h(y) = 4*y - 8. What is the units digit of h(c)?
0
Let k be 384/(-10) - 9/15. What is the tens digit of (-262)/(-13) + 6/k?
2
Let x(m) = 11*m**2 + 5*m + 8. What is the tens digit of x(-3)?
9
Let m(v) = v**3 + 9*v**2 + 10*v - 5. Let y be m(-8). Let g = y + 35. What is the units digit of g?
4
Suppose -15 = -3*h - 2*h. What is the units digit of 3 + 1 + h + 3?
0
Suppose 2*w + 38 = 5*m, w - 5*w + 4 = 0. Let u(j) = j**2 - 9*j + 9. Let x be u(m). Let d = x - -6. What is the units digit of d?
7
Let v = -35 + 97. What is the tens digit of v?
6
Let l = -1 + 1. Suppose 31 + 13 = 4*g. Let h = g - l. What is the units digit of h?
1
Let j(w) = w**2 + w - 2. Let v be j(-3). Suppose 3*x = v*x. What is the tens digit of (x/(-3) + -1)*-15?
1
Suppose -3*b = -0*b - 18. Suppose 2*w = b + 10. What is the units digit of w?
8
Let b(u) be the first derivative of u**4/4 + 5*u**3/3 + 3*u**2/2 - 2*u - 1. Let w be ((-3)/2)/(11/22). What is the units digit of b(w)?
7
Let f(c) = c**3 + 2*c**2 - 4*c. Let h be f(-3). Suppose 7 - h = -k + 2*g, k + g = 5. What is the units digit of (-5 + k)/((-3)/5)?
5
Let d(o) = 2*o + 67. What is the units digit of d(-24)?
9
Suppose 0 = -5*c + 15. Suppose 0 = c*q + 13 - 46. What is the units digit of q?
1
Let s be 94/8 + 9/(-12). Suppose 0 = 4*z - 7*z - 15. Let n = s + z. What is the units digit of n?
6
Suppose 0 = 4*z - 15 - 1. Suppose 3*h = h + z. What is the units digit of h/(-8) + 116/16?
7
What is the tens digit of (-36)/24*(-196)/(-3)*-1?
9
Suppose 3*t = 3*v - v - 17, -t = -3*v + 15. Suppose 3*y = 4*y + 3*c - 8, 0 = -v*c. What is the units digit of y?
8
Let d(n) = -5*n + 9. What is the tens digit of d(-5)?
3
Let k(q) = 5*q**2 - 1. Let m be k(-1). Let j = -8 + m. Let o(v) = -v + 3. What is the units digit of o(j)?
7
Suppose 5*m + 0*m = 160. Let q = m - -4. Suppose w - q = -3*w. What is the units digit of w?
9
Let n(u) be the second derivative of u**3/6 + 5*u**2 + u. Suppose 2*g - g = 0, 8 = -l - 2*g. What is the units digit of n(l)?
2
Let p be (48/(-15))/(1/(-5)). Suppose -u + 5*u + p = 0. Let r = u - -16. What is the units digit of r?
2
Suppose a = 4*a + 3. What is the units digit of a/((8/(-6))/4)?
3
Let q(n) = n - 1. Let b be q(-7). Let s be -6 + b - (-4 - -1). What is the tens digit of s/(-3 + 4 - 2)?
1
Let p(j) = j**2 - 5*j - 1. Let c be p(6). Suppose -3*m - 13 = m + c*a, 5*a + 19 = -2*m. What is the units digit of m?
3
Let z = 7 + -11. Let i be 2/(-4) - 10/z. What is the units digit of (5/i)/(-5)*-10?
5
Suppose -4*a = -3*a - 34. What is the units digit of a?
4
Let r(w) = 10*w - 109. What is the units digit of r(26)?
1
Let t = -15 - -8. Let b = 20 + t. What is the tens digit of b?
1
Let q be (0 + 1)*-3*-1. Suppose -2*k + 9 = 3*d + k, 0 = -4*d + 2*k + 24. Suppose -q*n = -d*n + 12. What is the units digit of n?
6
Let c be (15/(-10))/(3/(-8)). Suppose -17 + 1 = c*q. What is the units digit of (-1)/q - (-23)/4?
6
Suppose 0 = -j - j - 8. Let w(i) = 3*i**2 + 3. Let s(p) = 13*p**2 - p + 13. Let q(m) = -2*s(m) + 9*w(m). What is the units digit of q(j)?
9
Suppose -k = 5*w + 5, 3*k = 6 + 9. Let i be (-4)/(-2) + w + 0. Suppose 3*m = -i*m + 9. What is the units digit of m?
3
Suppose -5*r = -2*r - 6. Let w(p) = 2*p**3 - 2*p**2 + p + 1. What is the tens digit of w(r)?
1
Let t(d) = d**2 - 21*d + 22. Let w be t(20). Suppose 0 = 3*h - 16 + 4. Suppose 0 = 6*y - w*y - h. What is the units digit of y?
1
Let a = -8 - -8. Let l be ((-38)/(-1))/(a + -2). Let g = -7 - l. What is the units digit of g?
2
What is the tens digit of 5/((-15)/12) + 57?
5
Suppose -f + 3 = -d, -25 = -3*f - 6*d + d. Let s(w) = w + 6. Let j(r) = 3*r + 13. Let c(p) = 6*j(p) - 14*s(p). What is the tens digit of c(f)?
1
Let z = 22 - -28. Let b = z + -33. What is the units digit of b?
7
Let u = -6 - -7. What is the units digit of (u + 0)*7*5?
5
Let a be 1/(-5) + 84/20. Suppose a*d = y + 87, -d - 4*y + 72 = 3*d. Suppose d = 4*b + 5*s + 5, -2*b + 2*s = -26. What is the units digit of b?
9
Let g(u) be the third derivative of u**4/12 + u**3/3 - 3*u**2. Let o be g(-4). What is the units digit of o/(-8) - 36/(-16)?
3
Let h be (7 + 0)*(-1)/(-1). Suppose 3*n - h*n = -40. Let v = n - 1. What is the units digit of v?
9
Let w = -24 - -28. Suppose -5*i = -6*l + 3*l + 30, 0 = -w*l + 4*i + 32. What is the units digit of l?
5
Let w(q) = -5*q**2 - 6*q - 12. Let b(p) = 4*p**2 + 6*p + 11. Let i = 5 - 0. Let d(s) = i*w(s) + 6*b(s). What is the units digit of d(6)?
6
Suppose 2*w - w = 3. What is the units digit of w?
3
Suppose 0 = -4*o - f, 13 = -5*f - 7. Let n be 5/5*(o + -1). Suppose 3*w - 4*v - 20 = -n*w, w = -4*v - 4. What is the units digit of w?
4
Let a be ((-14)/6 + 2)*15. Let l be (-4)/(-6)*-6*2. Let k = a - l. What is the units digit of k?
3
Suppose -z + 4*z - 5*t - 29 = 0, 0 = 4*t + 16. Suppose z*j + 14 = j. Let l(k) = -3*k. What is the tens digit of l(j)?
2
Let s(c) = c**3 - c - 1 + 0*c**3 + 8*c**2 + 1. What is the units digit of s(-8)?
8
Suppose 5*c = -3*m - 9, m + c - 35 = 5*m. Let p = -6 - m. Suppose 4*q - o - 40 = 0, -5*q - p*o + 26 = -24. What is the tens digit of q?
1
Suppose 24 = 4*t + 2*b, 5*t + 0 = 3*b + 8. Let z(g) = g**3 - 4*g**2 + g - 1. What is the units digit of z(t)?
3
Suppose 4*h + 10 = 2*b, 0 = 5*b - b - 4. Let r = h - -2. Suppose r - 4 = -4*n. What is the units digit of n?
1
Suppose 2*f - 2 = 2. Suppose 3*a - 7*a + f*k = -66, -4*k = 2*a - 18. Suppose 3*o + 3*u = 5*u + 15, -o + a = -4*u. What is the units digit of o?
3
Suppose 4*t + 1364 = 4*x, 0 = 3*x - 2*t + 7*t - 991. What is the tens digit of x?
3
Let x be -4 - (-12 - 2) - 2. Suppose -x*m = -7*m - 18. What is the tens digit of m?
1
Let g(h) = -6*h - 6. Let o be g(-4). Let p = -11 + o. Let c = p - 5. What is the units digit of c?
2
Let w(b) = b**3 - 3*b**2 + b + 3. What is the units digit of w(4)?
3
Let r be ((-4)/(-5))/(2/10). Let c(u) = 13*u**2 - 2*u - 6. Let z(i) = -7*i**2 + i + 3. Let s(d) = 6*c(d) + 11*z(d). What is the units digit of s(r)?
9
Let k = 5 - 3. Suppose 0 = -k*i + 5*z - z, 20 = i + 3*z. What is the units digit of i?
8
Let u = 55 + 35. Suppose 2*z - 7*z = -u. What is the tens digit of z?
1
Let z(b) = 1 - 9 + 0*b - 5*b + 0*b. What is the tens digit of z(-4)?
1
Let o be (-4)/(-22) + (-20)/(-11). Suppose -2 = o*s - 3*s. What is the units digit of s?
2
Suppose 0 = -4*i + 2*i + 10. Suppose r - i - 1 = 0. Let w(c) = c**2 - 4*c - 7. What is the units digit of w(r)?
5
Let h(j) = j - 4. Let l be h(7). Suppose 45 = l*s - 0*s. What is the tens digit of s?
1
Let m = 10 - 14. Let l = 14 - m. What is the units digit of l?
8
What is the units digit of (-1)/2*0 + 6?
6
Suppose 4*n - 5*d - 198 + 75 = 0, 3*n - 75 = -2*d. Suppose -4*c = n - 67. What is the units digit of c?
0
Suppose -y + 14 = -9. What is the tens digit of y?
2
What is the units digit of -3 + 3/(-3) - -74?
0
Let x be (-9)/(9/6 + -3). Let k = 4 - x. Let a = 4 + k. What is the units digit of a?
2
Suppose 0 = -k - 27 + 5. Suppose 2*h + 5*w - 27 = 62, 3*w - 111 = -3*h. Let x = k + h. What is the tens digit of x?
1
Suppose -2*w - 10 = 3*w. What is the tens digit of 32*(w - 5/(-2))?
1
Suppose -5*y = -15, 5*m - 71 = -3*y + y. Let l = 8 - m. Let r(v) = -2*v - 4. What is the units digit of r(l)?
6
Let s(l) = -14*l - 29. What is the tens digit of s(-14)?
6
Let c = -12 - -12. Suppose c = 5*b - 6*b + 11. What is the units digit of b?
1
Let j = 3 + -2. Suppose j = f - 0. What is the units digit of f?
1
Let i be 2/8 - 300/(-16). Let o = 35 - i. What is the units digit of o?
6
Suppose 4*a - r = 516, 2*a - 4*r - 258 = -6*r. What is the hundreds digit of a?
1
What is the tens digit of 0 + (-1)/(-2) - (-1645)/14?
1
Let n = -3 - -8. Suppose -11 = -n*x + 49. Suppose -k - 2*k = -x. What is the units digit of k?
4
Let y = -30 + 55. What is the units digit of y?
5
Suppose -56 = -6*v + 58. Suppose 0 = -2*o + 2*g + 86, o + 0*g = -5*g + v. What is the units digit of o?
9
Let t = -1 + 5. Suppose 5*r = -z + 11, -4 = -3*z - t*r + 7. What is the units digit of (z - 1) + 2 + -1?
1
Suppose 0 = b - 2*b + 30. Let l(i) = 2*i**3 - 2*i. Let y be l(2). Let p = b - y. What is the tens digit of p?
1
Let f be